[INFO] cloning repository https://github.com/chenyangzhi88/practise
[INFO] running `Command { std: "git" "-c" "credential.helper=" "-c" "credential.helper=/workspace/cargo-home/bin/git-credential-null" "clone" "--bare" "https://github.com/chenyangzhi88/practise" "/workspace/cache/git-repos/https%3A%2F%2Fgithub.com%2Fchenyangzhi88%2Fpractise", kill_on_drop: false }`
[INFO] [stderr] Cloning into bare repository '/workspace/cache/git-repos/https%3A%2F%2Fgithub.com%2Fchenyangzhi88%2Fpractise'...
[INFO] running `Command { std: "git" "rev-parse" "HEAD", kill_on_drop: false }`
[INFO] [stdout] 21f465a0cfc85598b6405a09d66fc6afb630d6d4
[INFO] checking chenyangzhi88/practise against master#9610dfe5a9a731ced1ea4923ecbd0c57fe367898 for beta-170-4
[INFO] running `Command { std: "git" "clone" "/workspace/cache/git-repos/https%3A%2F%2Fgithub.com%2Fchenyangzhi88%2Fpractise" "/workspace/builds/worker-7-tc1/source", kill_on_drop: false }`
[INFO] [stderr] Cloning into '/workspace/builds/worker-7-tc1/source'...
[INFO] [stderr] done.
[INFO] validating manifest of git repo https://github.com/chenyangzhi88/practise on toolchain 9610dfe5a9a731ced1ea4923ecbd0c57fe367898
[INFO] running `Command { std: CARGO_HOME="/workspace/cargo-home" RUSTUP_HOME="/workspace/rustup-home" "/workspace/cargo-home/bin/cargo" "+9610dfe5a9a731ced1ea4923ecbd0c57fe367898" "metadata" "--manifest-path" "Cargo.toml" "--no-deps", kill_on_drop: false }`
[INFO] started tweaking git repo https://github.com/chenyangzhi88/practise
[INFO] finished tweaking git repo https://github.com/chenyangzhi88/practise
[INFO] tweaked toml for git repo https://github.com/chenyangzhi88/practise written to /workspace/builds/worker-7-tc1/source/Cargo.toml
[INFO] crate git repo https://github.com/chenyangzhi88/practise already has a lockfile, it will not be regenerated
[INFO] running `Command { std: CARGO_HOME="/workspace/cargo-home" RUSTUP_HOME="/workspace/rustup-home" "/workspace/cargo-home/bin/cargo" "+9610dfe5a9a731ced1ea4923ecbd0c57fe367898" "fetch" "--manifest-path" "Cargo.toml", kill_on_drop: false }`
[INFO] running `Command { std: "docker" "create" "-v" "/var/lib/crater-agent-workspace/builds/worker-7-tc1/target:/opt/rustwide/target:rw,Z" "-v" "/var/lib/crater-agent-workspace/builds/worker-7-tc1/source:/opt/rustwide/workdir:ro,Z" "-v" "/var/lib/crater-agent-workspace/cargo-home:/opt/rustwide/cargo-home:ro,Z" "-v" "/var/lib/crater-agent-workspace/rustup-home:/opt/rustwide/rustup-home:ro,Z" "-e" "SOURCE_DIR=/opt/rustwide/workdir" "-e" "CARGO_TARGET_DIR=/opt/rustwide/target" "-e" "CARGO_HOME=/opt/rustwide/cargo-home" "-e" "RUSTUP_HOME=/opt/rustwide/rustup-home" "-w" "/opt/rustwide/workdir" "-m" "1610612736" "--user" "0:0" "--network" "none" "ghcr.io/rust-lang/crates-build-env/linux@sha256:19e73879b68f455e41552ea35293514db52ea292d993f571636dbffedb77a1ee" "/opt/rustwide/cargo-home/bin/cargo" "+9610dfe5a9a731ced1ea4923ecbd0c57fe367898" "metadata" "--no-deps" "--format-version=1", kill_on_drop: false }`
[INFO] [stdout] 3553ff95d62b6879a63ce28e6318e5d5e674dd61e24abbb80374a624164ae045
[INFO] running `Command { std: "docker" "start" "-a" "3553ff95d62b6879a63ce28e6318e5d5e674dd61e24abbb80374a624164ae045", kill_on_drop: false }`
[INFO] running `Command { std: "docker" "inspect" "3553ff95d62b6879a63ce28e6318e5d5e674dd61e24abbb80374a624164ae045", kill_on_drop: false }`
[INFO] running `Command { std: "docker" "rm" "-f" "3553ff95d62b6879a63ce28e6318e5d5e674dd61e24abbb80374a624164ae045", kill_on_drop: false }`
[INFO] [stdout] 3553ff95d62b6879a63ce28e6318e5d5e674dd61e24abbb80374a624164ae045
[INFO] running `Command { std: "docker" "create" "-v" "/var/lib/crater-agent-workspace/builds/worker-7-tc1/target:/opt/rustwide/target:rw,Z" "-v" "/var/lib/crater-agent-workspace/builds/worker-7-tc1/source:/opt/rustwide/workdir:ro,Z" "-v" "/var/lib/crater-agent-workspace/cargo-home:/opt/rustwide/cargo-home:ro,Z" "-v" "/var/lib/crater-agent-workspace/rustup-home:/opt/rustwide/rustup-home:ro,Z" "-e" "SOURCE_DIR=/opt/rustwide/workdir" "-e" "CARGO_TARGET_DIR=/opt/rustwide/target" "-e" "CARGO_INCREMENTAL=0" "-e" "RUST_BACKTRACE=full" "-e" "RUSTFLAGS=--cap-lints=forbid" "-e" "RUSTDOCFLAGS=--cap-lints=forbid" "-e" "CARGO_HOME=/opt/rustwide/cargo-home" "-e" "RUSTUP_HOME=/opt/rustwide/rustup-home" "-w" "/opt/rustwide/workdir" "-m" "1610612736" "--user" "0:0" "--network" "none" "ghcr.io/rust-lang/crates-build-env/linux@sha256:19e73879b68f455e41552ea35293514db52ea292d993f571636dbffedb77a1ee" "/opt/rustwide/cargo-home/bin/cargo" "+9610dfe5a9a731ced1ea4923ecbd0c57fe367898" "check" "--frozen" "--all" "--all-targets" "--message-format=json", kill_on_drop: false }`
[INFO] [stdout] 21657b4f51f388e3ea099a062e099033e79c76f9414dc087672632e947070d3a
[INFO] running `Command { std: "docker" "start" "-a" "21657b4f51f388e3ea099a062e099033e79c76f9414dc087672632e947070d3a", kill_on_drop: false }`
[INFO] [stderr]     Checking practise v0.1.0 (/opt/rustwide/workdir)
[INFO] [stdout] error[E0425]: cannot find value `lock_id` in this scope
[INFO] [stdout]   --> src/main.rs:72:64
[INFO] [stdout]    |
[INFO] [stdout] 72 |                 let writer_i = Writer { content: pair_i, lock: lock_id, cvar: cvar_id};
[INFO] [stdout]    |                                                                ^^^^^^^ not found in this scope
[INFO] [stdout] 
[INFO] [stdout] 
[INFO] [stdout] error[E0425]: cannot find value `cvar_id` in this scope
[INFO] [stdout]   --> src/main.rs:72:79
[INFO] [stdout]    |
[INFO] [stdout] 72 |                 let writer_i = Writer { content: pair_i, lock: lock_id, cvar: cvar_id};
[INFO] [stdout]    |                                                                               ^^^^^^^ not found in this scope
[INFO] [stdout] 
[INFO] [stdout] 
[INFO] [stdout] error[E0425]: cannot find value `lock_id` in this scope
[INFO] [stdout]   --> src/main.rs:72:64
[INFO] [stdout]    |
[INFO] [stdout] 72 |                 let writer_i = Writer { content: pair_i, lock: lock_id, cvar: cvar_id};
[INFO] [stdout]    |                                                                ^^^^^^^ not found in this scope
[INFO] [stdout] 
[INFO] [stdout] 
[INFO] [stdout] error[E0425]: cannot find value `cvar_id` in this scope
[INFO] [stdout]   --> src/main.rs:72:79
[INFO] [stdout]    |
[INFO] [stdout] 72 |                 let writer_i = Writer { content: pair_i, lock: lock_id, cvar: cvar_id};
[INFO] [stdout]    |                                                                               ^^^^^^^ not found in this scope
[INFO] [stdout] 
[INFO] [stdout] 
[INFO] [stdout] error[E0063]: missing field `operate_type` in initializer of `Writer`
[INFO] [stdout]   --> src/main.rs:72:32
[INFO] [stdout]    |
[INFO] [stdout] 72 |                 let writer_i = Writer { content: pair_i, lock: lock_id, cvar: cvar_id};
[INFO] [stdout]    |                                ^^^^^^ missing `operate_type`
[INFO] [stdout] 
[INFO] [stdout] 
[INFO] [stdout] error[E0063]: missing field `operate_type` in initializer of `Writer`
[INFO] [stdout]   --> src/main.rs:72:32
[INFO] [stdout]    |
[INFO] [stdout] 72 |                 let writer_i = Writer { content: pair_i, lock: lock_id, cvar: cvar_id};
[INFO] [stdout]    |                                ^^^^^^ missing `operate_type`
[INFO] [stdout] 
[INFO] [stdout] 
[INFO] [stdout] error: aborting due to 3 previous errors
[INFO] [stdout] 
[INFO] [stdout] 
[INFO] [stdout] Some errors have detailed explanations: E0063, E0425.
[INFO] [stdout] 
[INFO] [stdout] For more information about an error, try `rustc --explain E0063`.
[INFO] [stdout] 
[INFO] [stdout] error: aborting due to 3 previous errors
[INFO] [stdout] 
[INFO] [stdout] 
[INFO] [stdout] Some errors have detailed explanations: E0063, E0425.
[INFO] [stdout] 
[INFO] [stdout] For more information about an error, try `rustc --explain E0063`.
[INFO] [stdout] 
[INFO] [stderr] error: could not compile `practise` (bin "practise") due to 4 previous errors
[INFO] [stderr] warning: build failed, waiting for other jobs to finish...
[INFO] [stderr] error: could not compile `practise` (bin "practise" test) due to 4 previous errors
[INFO] running `Command { std: "docker" "inspect" "21657b4f51f388e3ea099a062e099033e79c76f9414dc087672632e947070d3a", kill_on_drop: false }`
[INFO] running `Command { std: "docker" "rm" "-f" "21657b4f51f388e3ea099a062e099033e79c76f9414dc087672632e947070d3a", kill_on_drop: false }`
[INFO] [stdout] 21657b4f51f388e3ea099a062e099033e79c76f9414dc087672632e947070d3a
